et m(h) = -2*h - 1. Let z(g) = -j(g) - m(g). What is the tens digit of z(w)?
1
Let n = 1721 + -1709. Let t be (1 - 0)*(1 + 2). Suppose -q + c = -n, 2*q - 4*c + 37 = t*q. What is the tens digit of q?
1
Let q(n) = -8*n - 2. Let t be q(-1). Suppose 0 = -2*b + t, -5*y - 2*b = -4*b - 19. Suppose -5 = -w + y. What is the units digit of w?
0
Let m = 150 - 150. Suppose m*t - 5*t = -1435. What is the units digit of t?
7
Suppose -d + 3*p + 1111 = 0, -4*d + 26*p + 4504 = 24*p. What is the thousands digit of d?
1
Let m(n) = -6*n**2 + 37*n + 24. Let b be m(8). What is the hundreds digit of ((-1328)/b)/((-1)/(-60))?
2
Let c(i) = -571*i - 102. Let u be c(-5). Suppose -28*d = u - 7569. What is the hundreds digit of d?
1
Suppose 106471 = 2000*s - 1983*s. What is the units digit of s?
3
Suppose 0 = 176*j - 180*j + 8. Suppose 0 = -2*d + 21*p - 26*p + 2177, 4394 = 4*d + j*p. What is the hundreds digit of d?
1
Let y be 3 - (-32)/(-12) - 171/27. What is the hundreds digit of (y/(-10))/(4 - (-13853)/(-3465))?
2
Let u(h) = 24*h - 55. Let x(o) = 2*o**2 + 9*o + 8. Let i be x(-5). Let r be u(i). Suppose -34 + r = p. What is the hundreds digit of p?
2
Let t(d) = d**2 - 1 - 16 - 3. What is the tens digit of t(16)?
3
Let u(b) = b**3 + 27*b**2 + 74*b + 53. Let c be u(-24). What is the thousands digit of 5 + 1369 - -3*c/15?
1
Suppose -8 = 2*o, -5*g + 29*o - 25*o = -127141. What is the thousands digit of g?
5
Let h = 31 - 12. Suppose -2*r = -29 + h. Suppose -7*u - a = -r*u - 367, -u + 185 = a. What is the tens digit of u?
8
Let v be 4 - ((0 - 1) + 2). Suppose -2*k = 3*m - 35, 4*m = 6*m + v*k - 30. What is the units digit of 86 + (-2)/(-6)*m?
9
Suppose 5*j + 186*c - 177098 = 187*c, 70814 = 2*j - 4*c. What is the tens digit of j?
2
Let c(m) = -1213*m + 717. What is the tens digit of c(-5)?
8
What is the ten thousands digit of (1/(6/39404))/((-104)/(-468))?
2
Let n(w) = 5249*w + 206. What is the thousands digit of n(2)?
0
Suppose -4*n + 35 = -57. Suppose -n*d = -18*d + 10. What is the hundreds digit of 5/d - (-7140)/24?
2
Let m = -423 + 588. What is the units digit of -1*(-3982)/m - 4/30?
4
Suppose 0 = 9*b - 8*b - 9. Suppose -b*p = p - 860. What is the units digit of p?
6
Let a(g) = 0*g**3 - 21*g + 8*g**2 - 6 + 9*g - g**3 + 17*g. Let q be a(4). Let r = 249 - q. What is the units digit of r?
1
Let n = 422 + -158. Let q = n + -166. What is the tens digit of q?
9
What is the units digit of 0 + 3 - (34 - 22673)?
2
Let f = -15036 - -15120. Let k be 1/4 - 237/(-12). Suppose f + k = d. What is the units digit of d?
4
Let a(f) = 2397*f**3 - f**2 - 26*f + 71. What is the units digit of a(3)?
3
Let b(d) = 33*d**2 + 309*d - 5. What is the units digit of b(-18)?
5
Let r(u) = 2*u**2 - 8*u - 11. Let l be r(10). Suppose 0 = -2*j - p - l, 5*j - j - p + 221 = 0. What is the units digit of (2/(-10))/(11/j)?
1
Suppose -2*y - 2*m + 31076 = 0, 2*y + 192*m - 31073 = 187*m. What is the tens digit of y?
3
Suppose 0 = -31*t + 93*t - 398660. What is the units digit of t?
0
Suppose 18*l = 14*l + 16. Let j be (l - 6)*((-603)/6 - -1). Suppose 2*w = -63 + j. What is the units digit of w?
8
Let a = 12930 - -560. What is the tens digit of a?
9
Suppose 2*i - 558 + 86 = 0. Suppose -4*k + i = -4*w, -17 - 26 = -k - 3*w. Suppose 59*p - 344 = k*p. What is the units digit of p?
6
Let l be 1915/7 + (-16)/28. Let g = l - 440. Let b = g - -396. What is the units digit of b?
9
Let v = 197 + -197. Suppose v = 5*g + 370 - 2050. What is the units digit of g?
6
Suppose -3*j + 18*i = 17*i - 17408, -3*j + 2*i + 17410 = 0. What is the tens digit of j?
0
Suppose 200*p = -350*p - 73529 + 611429. What is the hundreds digit of p?
9
Let u = -2118 + 1504. Let c = u + 1093. What is the tens digit of c?
7
What is the tens digit of 106694/(-6)*51/(-119)?
2
Suppose 0*f + 2*r = -f - 248, 3*f + 765 = r. Let w = 822 + f. Suppose -w = -9*x + 1331. What is the hundreds digit of x?
2
Suppose q - 3*g - 5 = -4, 41 = 5*q - 3*g. What is the tens digit of (2 - 32/q)/((-36)/3870)?
2
Let v = 60125 - 11023. What is the hundreds digit of v?
1
Suppose 0 = x + 2*l - 5031, -5*l = 327*x - 329*x + 10062. What is the units digit of x?
1
Let f = 115 - -5. Suppose 0 = -10*j + 90 + f. What is the units digit of j?
1
Suppose 69 - 23 = -o. Let k = 28 + o. What is the tens digit of 6/k + (-88)/(-3)?
2
What is the units digit of (((-888)/(-84) - 4) + -5)/((-1)/(-38717))?
1
Let x = -469 + 474. Suppose -x*s + 4*y - y = -5552, -3*y - 12 = 0. What is the tens digit of s?
0
Suppose 0 = 2*i + 3*i - l - 175, 4*l + 190 = 5*i. Suppose 29*q = i*q - 2150. What is the units digit of q?
0
Suppose -3*q = 2*h + 11, -2*q = -2*h - q + 9. Suppose 0 = 5*y + h*k - 689, -2*y + 4*k + 260 = -30. Suppose 5*t = 241 + y. What is the tens digit of t?
7
Let q(i) = -2*i + 1. Let z be q(-2). Let b be (-9 + 0)/((-4)/z - -1). What is the units digit of (10/25)/((-1)/b)?
8
Let p = -86410 - -136408. What is the units digit of p?
8
Suppose -4*w + 29*k - 693 = 32*k, -4*k = -3*w - 551. Let l = 1050 - w. What is the thousands digit of l?
1
Suppose 0 = 82*b - 81*b - 1794. Suppose b = 5*u - 396. What is the tens digit of u?
3
Let f(k) = 307*k + 10. Suppose -8*i - 5 = -13*i + 3*h, -3*h + 4 = 4*i. What is the hundreds digit of f(i)?
3
Let x(n) = -14*n**3 - 55*n**2 + 15*n + 25. What is the units digit of x(-6)?
9
Let m(p) = 2385*p - 939. What is the thousands digit of m(2)?
3
Let z(b) = 2*b**2 + b + 1. Let i(t) = t**3 + 28*t**2 + 27*t + 38. Let p(g) = -i(g) + 5*z(g). What is the hundreds digit of p(-18)?
3
Suppose j = -j - 5*f + 169, -3*f = 5*j - 375. Suppose d + 40 = 3*t - 9, -j = -4*t - 2*d. Suppose 570 = 20*r - t*r. What is the units digit of r?
0
Suppose y + 421 + 701 = 0. Let l = -605 - y. Suppose 1299 - 320 = 4*b - 5*k, 2*b - l = -3*k. What is the hundreds digit of b?
2
Let q = 190 + -189. What is the tens digit of (-428)/12*(q + -10)?
2
Let k = 35 + 66. Let r = -101 + k. What is the units digit of (-3 - ((-7)/(-2) + r))*-2?
3
Suppose 2*q = -2*a + 3158, 0 = 55*a - 59*a + q + 6316. What is the tens digit of a?
7
Let j be (3/((-9)/(-6)))/((-2)/(-13)). Suppose 3*b - j - 14 = 0. Suppose 0 = -b*m - 0*m + 774. What is the units digit of m?
6
Suppose 0 = -31*v - 46*v + 491722. What is the units digit of v?
6
Let n = -109 + 283. What is the hundreds digit of (n/10)/(3/90)?
5
What is the ten thousands digit of ((-12)/1)/((-39)/59085)?
1
Let s = 26984 + -9425. What is the tens digit of s?
5
Let w(l) = -41*l**2 - 377*l - 5. What is the tens digit of w(-7)?
2
Suppose s = -2*h - 656, 2*h = -0*h - 3*s - 656. Let w = 715 + h. What is the tens digit of w?
8
Suppose 5*y = -4*q - 13, -q - 2*q = -4*y + 2. Let a be (q/(-5))/((-4)/20). What is the tens digit of 29*2 + a + (0 - 1)?
5
Let r(d) = d**3 + 30*d**2 - 6*d - 240. What is the units digit of r(15)?
5
Suppose 5*z - 2*h = 5067, 3*z - 2*h - 4479 = -1442. Let c = z + -276. What is the hundreds digit of c?
7
Suppose -i = 7*q - 60957, -83699 = -i + 4*q - 22731. What is the units digit of i?
4
What is the hundreds digit of ((-806650)/40 - 5)*(-12)/9?
8
Let p be 4 + -357 - (-9)/(-3). Let f be (p/2)/(0 + -2). Suppose -g = 3*j - 196, -4*j - f = -g - 348. What is the tens digit of j?
6
Suppose -24*v = -21*v - 69. Let p = v + -17. What is the hundreds digit of (-4)/(-6) + 674/p?
1
Suppose 37*w - 19*w + 22*w = 110400. What is the hundreds digit of w?
7
Suppose 0 = w - u - 11667, 0 = -8*u + 50 - 66. What is the tens digit of w?
6
Suppose -8*r - 1 = -f - 5*r, -3*f + 7 = -5*r. Suppose 0 = -f*k - 219 + 255. What is the units digit of k?
9
Let q be (13/(-39))/((-2)/318). Let a = 760 - q. What is the hundreds digit of a?
7
Suppose 5*v - 61058 = 5*j + 1292, 5*v + 2*j = 62385. What is the ten thousands digit of v?
1
Let s be (-258)/172 + 11/(-2)*-1. What is the units digit of (-19294)/(-88) + (-1)/s*1?
9
Let k(v) = 9*v**2 - 14*v + 17. Let i be k(-8). Suppose i - 1875 = -5*f. What is the tens digit of f?
3
Suppose -3*w + 0*w = -4*o + 3363, -4*w = -5*o + 4484. What is the units digit of (-2)/(-6)*(-14 - w)?
9
Let l = 61611 + -41721. What is the hundreds digit of l?
8
Let y(a) = 50*a**2 + 1. Let i be y(-1). Let x = 36 + i. What is the tens digit of x?
8
Let l(n) = n - 13. Let c(y) = 4*y - 40. Let b = 34 + -28. Let p(x) = b*c(x) - 17*l(x). What is the units digit of p(5)?
6
Let h(f) = 